{"id":1658,"date":"2023-06-14T14:40:51","date_gmt":"2023-06-14T17:40:51","guid":{"rendered":"https:\/\/www.zapelinimoveis.com.br\/index.php\/mesmerize\/"},"modified":"2025-07-22T16:01:00","modified_gmt":"2025-07-22T19:01:00","slug":"mesmerize","status":"publish","type":"page","link":"https:\/\/www.zapelinimoveis.com.br\/","title":{"rendered":"Front Page"},"content":{"rendered":"<div id=\"apresentacao\" class=\"overlappable-4 content-section content-section-spacing\" style=\"background-color: #ffffff; background-image: none;\" data-label=\"APRESENTACAO\" data-id=\"overlappable-4\" data-export-id=\"overlappable-4\" data-category=\"overlappable\" data-overlap=\"true\">\n<div class=\"gridContainer\">\n<div class=\"row spaced-cols text-center center-sm content-center-sm\" data-type=\"row\">\n<div class=\"col-xs-12 col-sm-4 col-padding\"><i class=\"fa icon shadow-large-black aligncenter color1 fa-clone bordered round large\"><\/i><\/p>\n<div class=\"\" data-type=\"column\">\n<h5 class=\"\">ENTREGA GARANTIDA<\/h5>\n<p class=\"\">Temos prioridade na presta\u00e7\u00e3o de servi\u00e7os, portanto aqui voc\u00ea encontra \u00f3timos prazos e entrega garantida.<\/p>\n<\/div>\n<\/div>\n<div class=\"col-xs-12 col-sm-4 col-padding\"><i class=\"fa icon shadow-large-black aligncenter color1 fa-cogs bordered round large\"><\/i><\/p>\n<div class=\"\" data-type=\"column\">\n<h5 class=\"\">CONDI\u00c7\u00d5ES DE PAGAMENTO<\/h5>\n<p class=\"\">Condi\u00e7\u00f5es de pagamentos flex\u00edveis para voc\u00ea alcan\u00e7ar o sonho da sua casa planejada, consulte-nos.<\/p>\n<\/div>\n<\/div>\n<div class=\"col-xs-12 col-sm-4 col-padding\"><i class=\"fa icon shadow-large-black aligncenter color1 fa-magic bordered round large\"><\/i><\/p>\n<div class=\"\" data-type=\"column\">\n<h5 class=\"\">MATERIAIS DE QUALIDADE<\/h5>\n<p class=\"\">Trabalhamos com m\u00f3veis 100% em MDF, e componentes das melhores marcas do mercado. Qualidade \u00e9 nossa prioridade.<\/p>\n<\/div>\n<\/div>\n<\/div>\n<\/div>\n<\/div>\n<div id=\"sobre\" class=\"about-1 content-section\" style=\"background-color: #f5fafd;\" data-label=\"SOBRE\" data-id=\"about-1\" data-export-id=\"about-1\" data-category=\"about\">\n<div class=\"gridContainer\">\n<div class=\"row text-center\">\n<div class=\"section-title-col\" data-type=\"column\">\n<h5 class=\"\">SUA CASA, COMO VOC\u00ca SEMPRE SONHOU<\/h5>\n<h2 class=\"\">M\u00f3veis Zapelini \u00e9 a certeza de um bom neg\u00f3cio para voc\u00ea e sua casa.<\/h2>\n<p class=\"lead\">Conhe\u00e7a nosso trabalho atrav\u00e9s de nosso portf\u00f3lio e veja a<\/p>\n<\/div>\n<\/div>\n<div class=\"row\">\n<div class=\"button-holder space-bottom space-bottom-small\" data-type=\"column\"><a class=\"button color1\" href=\"https:\/\/wa.me\/+5548999175960\" target=\"_blank\" rel=\"noopener\" data-cp-link=\"1\">FA\u00c7A UM OR\u00c7AMENTO CONOSCO<\/a><\/div>\n<div class=\"col-xs bottom-xs flexbox image-group-bottom-3-img space-bottom-xs center-xs\"><a class=\"left-img-anchor\" href=\"#\" data-cp-link=\"1\"><img decoding=\"async\" class=\"left-img shadow-large-black\" title=\"cropped-calinho-suite.jpg\" src=\"https:\/\/www.zapelinimoveis.com.br\/wp-content\/uploads\/2016\/01\/cropped-calinho-suite.jpg\" alt=\"\" data-size=\"500x300\" \/><\/a> <img decoding=\"async\" class=\"center-img shadow-large-black\" title=\"cropped-WhatsApp-Image-2017-06-14-at-09.19.34.jpg\" src=\"https:\/\/www.zapelinimoveis.com.br\/wp-content\/uploads\/2016\/02\/cropped-WhatsApp-Image-2017-06-14-at-09.19.34.jpg\" alt=\"\" data-size=\"500x300\" \/> <img decoding=\"async\" class=\"right-img shadow-large-black\" title=\"cropped-cropped-d69335ed-f856-4357-8be7-690e433eeedb.jpg\" src=\"https:\/\/www.zapelinimoveis.com.br\/wp-content\/uploads\/2023\/06\/cropped-cropped-d69335ed-f856-4357-8be7-690e433eeedb.jpg\" alt=\"\" data-size=\"500x300\" \/><\/div>\n<\/div>\n<\/div>\n<\/div>\n<div id=\"sobre2\" class=\"features-12-card-bordered content-section content-section-spacing \" style=\"background-color: #ffffff; background-image: none;\" data-label=\"SOBRE2\" data-id=\"features-12-card-bordered\" data-export-id=\"features-12-card-bordered\" data-category=\"features\">\n<div class=\"gridContainer\">\n<div class=\"row text-center\">\n<div class=\"section-title-col\" data-type=\"column\">\n<h2 class=\"\">Entenda nossos processos<\/h2>\n<p class=\"lead\">Entenda como funciona nossos m\u00e9todos de trabalhos, estamos totalmente preparados para superar todas as suas expectativas.<\/p>\n<\/div>\n<\/div>\n<div class=\"row spaced-cols\" data-type=\"row\">\n<div class=\"col-sm-6 col-md-12 \">\n<div class=\"card row-card bordered y-move\">\n<div class=\"row\">\n<div class=\"col-sm-fit icon-column\" data-preview-empty=\"1\"><\/div>\n<div class=\"col-sm\" data-type=\"column\">\n<h5 class=\"color2\">CONTATO<\/h5>\n<p class=\"\">Temos canais de atendimento por WhatsApp, Instagram, Facebook, e tamb\u00e9m no Google.<\/p>\n<p>Estamos situados em Bra\u00e7o do Norte\/SC e podemos atender diversas regi\u00f5es de SC, RS e PR.<\/p>\n<p><a class=\"button blue\" href=\"https:\/\/www.instagram.com\/moveiszapelini\" target=\"_blank\" rel=\"noopener\" data-cp-link=\"1\">SAIBA MAIS<\/a><\/p>\n<\/div>\n<\/div>\n<\/div>\n<\/div>\n<div class=\"col-sm-6 col-md-12 \">\n<div class=\"card row-card bordered y-move\">\n<div class=\"row\">\n<div class=\"col-sm-fit icon-column\" data-preview-empty=\"1\"><\/div>\n<div class=\"col-sm\" data-type=\"column\">\n<h5 class=\"color2\">PROJETO<\/h5>\n<p class=\"\">Trabalhamos com projetos de arquitetos e engenheiros, designer de interiores em geral, com todos os tipos de projetos de interiores. Temos tamb\u00e9m projetista pr\u00f3prio.<\/p>\n<p><a class=\"button blue\" href=\"https:\/\/www.instagram.com\/moveiszapelini\" target=\"_blank\" rel=\"noopener\" data-cp-link=\"1\">SAIBA MAIS<\/a><\/p>\n<\/div>\n<\/div>\n<\/div>\n<\/div>\n<div class=\"col-sm-6 col-md-12 \">\n<div class=\"card row-card bordered y-move\">\n<div class=\"row\">\n<div class=\"col-sm-fit icon-column\" data-preview-empty=\"1\"><\/div>\n<div class=\"col-sm\" data-type=\"column\">\n<h5 class=\"color2\">OR\u00c7AMENTO<\/h5>\n<p class=\"\">O processo de or\u00e7amento e levantamento do projeto definido, leva em torno de 5 a 10 dias, dependendo do projeto, o tempo pode variar, depende muito do tamanho do projeto em si e da quantidade de detalhes.<\/p>\n<p><a class=\"button blue\" href=\"https:\/\/www.instagram.com\/moveiszapelini\" target=\"_blank\" rel=\"noopener\" data-cp-link=\"1\">SAIBA MAIS<\/a><\/p>\n<\/div>\n<\/div>\n<\/div>\n<\/div>\n<div class=\"col-sm-6 col-md-12 \">\n<div class=\"card row-card bordered y-move\">\n<div class=\"row\">\n<div class=\"col-sm-fit icon-column\" data-preview-empty=\"1\"><\/div>\n<div class=\"col-sm\" data-type=\"column\">\n<h5 class=\"color2\">EXECU\u00c7\u00c3O<\/h5>\n<p class=\"\">Temos uma equipe altamente qualificada para executar os projetos mais desafiadores, com mais de 25 anos de experi\u00eancia no mercado e um longo portf\u00f3lio de trabalhos executados, temos tudo o que voc\u00ea precisa, para ter o resultado que voc\u00ea deseja.<\/p>\n<p><a class=\"button blue\" href=\"https:\/\/www.instagram.com\/moveiszapelini\" target=\"_blank\" rel=\"noopener\" data-cp-link=\"1\">SAIBA MAIS<\/a><\/p>\n<\/div>\n<\/div>\n<\/div>\n<\/div>\n<div class=\"col-sm-6 col-md-12 \">\n<div class=\"card row-card bordered y-move\">\n<div class=\"row\">\n<div class=\"col-sm-fit icon-column\" data-preview-empty=\"1\"><\/div>\n<div class=\"col-sm\" data-type=\"column\">\n<h5 class=\"color2\">MONTAGEM<\/h5>\n<p class=\"\">Nosso processo de montagem \u00e9 focado em oferecer as melhores solu\u00e7\u00f5es para o nosso cliente, com um excelente acabamento e limpeza, nossa equipe \u00e9 preparada para te surpreender com um toque final de excel\u00eancia em qualidade.<\/p>\n<p><a class=\"button blue\" href=\"https:\/\/www.instagram.com\/moveiszapelini\" target=\"_blank\" rel=\"noopener\" data-cp-link=\"1\">SAIBA MAIS<\/a><\/p>\n<\/div>\n<\/div>\n<\/div>\n<\/div>\n<\/div>\n<\/div>\n<\/div>\n<div id=\"portfolio\" class=\"portfolio-4 content-section content-section-spacing-top\" style=\"background-color: #f5fafd;\" data-label=\"PORTFOLIO\" data-id=\"portfolio-4\" data-export-id=\"portfolio-4\" data-category=\"portfolio\">\n<div class=\"\">\n<div class=\"row text-center\">\n<div class=\"section-title-col\" data-type=\"column\">\n<h2 class=\"\">Portf\u00f3lio<\/h2>\n<p class=\"lead\">Temos um amplo portif\u00f3lio, com mais de 25 anos no ramo moveleiro, trabalhamos com execu\u00e7\u00e3o de projetos residenciais e comerciais com excel\u00eancia. Tudo em m\u00f3veis planejados para voc\u00ea e sua casa.<\/p>\n<\/div>\n<\/div>\n<div class=\"row\" data-type=\"row\" data-fixed=\"true\">\n<div class=\"col-xs-12 col-sm-3 no-gutter-col\">\n<div class=\"contentswap-effect\" data-hover-fx=\"portfolio-4\">\n<div class=\"initial-image\"><img decoding=\"async\" src=\"https:\/\/www.zapelinimoveis.com.br\/wp-content\/uploads\/2016\/01\/cropped-WhatsApp-Image-2018-03-12-at-11.47.13-1.jpg\" data-size=\"542x360\" \/><\/div>\n<div class=\"overlay bg-color1\"><\/div>\n<div class=\"swap-inner col-xs-12\">\n<div class=\"row full-height-row middle-xs middle-sm\">\n<div class=\"col-xs-12 text-center content-holder\"><\/div>\n<\/div>\n<\/div>\n<\/div>\n<\/div>\n<div class=\"col-xs-12 col-sm-3 no-gutter-col\">\n<div class=\"contentswap-effect\" data-hover-fx=\"portfolio-4\">\n<div class=\"initial-image\"><img decoding=\"async\" src=\"https:\/\/www.zapelinimoveis.com.br\/wp-content\/uploads\/2019\/01\/cropped-indice5-Copy.jpg\" data-size=\"542x360\" \/><\/div>\n<div class=\"overlay bg-color1\"><\/div>\n<div class=\"swap-inner col-xs-12\">\n<div class=\"row full-height-row middle-xs middle-sm\">\n<div class=\"col-xs-12 text-center content-holder\"><\/div>\n<\/div>\n<\/div>\n<\/div>\n<\/div>\n<div class=\"col-xs-12 col-sm-3 no-gutter-col\">\n<div class=\"contentswap-effect\" data-hover-fx=\"portfolio-4\">\n<div class=\"initial-image\"><img decoding=\"async\" src=\"https:\/\/www.zapelinimoveis.com.br\/wp-content\/uploads\/2016\/02\/cropped-26907473_2034557666790261_7543217750879712531_n.jpg\" data-size=\"542x360\" \/><\/div>\n<div class=\"overlay bg-color1\"><\/div>\n<div class=\"swap-inner col-xs-12\">\n<div class=\"row full-height-row middle-xs middle-sm\">\n<div class=\"col-xs-12 text-center content-holder\"><\/div>\n<\/div>\n<\/div>\n<\/div>\n<\/div>\n<div class=\"col-xs-12 col-sm-3 no-gutter-col\">\n<div class=\"contentswap-effect\" data-hover-fx=\"portfolio-4\">\n<div class=\"initial-image\"><img decoding=\"async\" src=\"https:\/\/www.zapelinimoveis.com.br\/wp-content\/uploads\/2016\/01\/cropped-WhatsApp-Image-2017-11-20-at-18.32.01.jpeg\" data-size=\"542x360\" \/><\/div>\n<div class=\"overlay bg-color1\"><\/div>\n<div class=\"swap-inner col-xs-12\">\n<div class=\"row full-height-row middle-xs middle-sm\">\n<div class=\"col-xs-12 text-center content-holder\"><\/div>\n<\/div>\n<\/div>\n<\/div>\n<\/div>\n<div class=\"col-xs-12 col-sm-3 no-gutter-col\">\n<div class=\"contentswap-effect\" data-hover-fx=\"portfolio-4\">\n<div class=\"initial-image\"><img decoding=\"async\" src=\"https:\/\/www.zapelinimoveis.com.br\/wp-content\/uploads\/2023\/06\/cropped-77e678e7-3056-40f8-80a8-cf86760af8b0.jpg\" data-size=\"542x360\" \/><\/div>\n<div class=\"overlay bg-color1\"><\/div>\n<div class=\"swap-inner col-xs-12\">\n<div class=\"row full-height-row middle-xs middle-sm\">\n<div class=\"col-xs-12 text-center content-holder\"><\/div>\n<\/div>\n<\/div>\n<\/div>\n<\/div>\n<div class=\"col-xs-12 col-sm-3 no-gutter-col\">\n<div class=\"contentswap-effect\" data-hover-fx=\"portfolio-4\">\n<div class=\"initial-image\"><img decoding=\"async\" src=\"https:\/\/www.zapelinimoveis.com.br\/wp-content\/uploads\/2023\/06\/cropped-0905bb63-ebb3-4f4f-9c5b-a66b09ffd029.jpg\" data-size=\"542x360\" \/><\/div>\n<div class=\"overlay bg-color1\"><\/div>\n<div class=\"swap-inner col-xs-12\">\n<div class=\"row full-height-row middle-xs middle-sm\">\n<div class=\"col-xs-12 text-center content-holder\"><\/div>\n<\/div>\n<\/div>\n<\/div>\n<\/div>\n<div class=\"col-xs-12 col-sm-3 no-gutter-col\">\n<div class=\"contentswap-effect\" data-hover-fx=\"portfolio-4\">\n<div class=\"initial-image\"><img decoding=\"async\" src=\"https:\/\/www.zapelinimoveis.com.br\/wp-content\/uploads\/2023\/06\/cropped-AFD_8053-scaled-1.jpg\" data-size=\"542x360\" \/><\/div>\n<div class=\"overlay bg-color1\"><\/div>\n<div class=\"swap-inner col-xs-12\">\n<div class=\"row full-height-row middle-xs middle-sm\">\n<div class=\"col-xs-12 text-center content-holder\"><\/div>\n<\/div>\n<\/div>\n<\/div>\n<\/div>\n<div class=\"col-xs-12 col-sm-3 no-gutter-col\">\n<div class=\"contentswap-effect\" data-hover-fx=\"portfolio-4\">\n<div class=\"initial-image\"><img decoding=\"async\" src=\"https:\/\/www.zapelinimoveis.com.br\/wp-content\/uploads\/2023\/06\/cropped-d69335ed-f856-4357-8be7-690e433eeedb.jpg\" data-size=\"542x360\" \/><\/div>\n<div class=\"overlay bg-color1\"><\/div>\n<div class=\"swap-inner col-xs-12\">\n<div class=\"row full-height-row middle-xs middle-sm\">\n<div class=\"col-xs-12 text-center content-holder\"><\/div>\n<\/div>\n<\/div>\n<\/div>\n<\/div>\n<\/div>\n<\/div>\n<\/div>\n<div id=\"novidades\" class=\"blog-section blog-section-standard content-section content-section-spacing\" style=\"background-color: #f5fafd;\" data-label=\"NOVIDADES\" data-id=\"blog-section\" data-export-id=\"blog-section\" data-category=\"latest_news\">\n<div class=\"gridContainer\">\n<div class=\"row\">\n<div class=\"section-title-col\" data-type=\"column\">\n<h2 class=\"\">Acompanhe nosso trabalho em nossas redes sociais!<\/h2>\n<p class=\"lead\">Acompanhe nossas redes sociais e fique por dentro do que acontece no mercado moveleiro. Siga nosso Instagram e Facebook. Tamb\u00e9m estamos presentes no Google.<\/p>\n<\/div>\n<\/div>\n<\/div>\n<\/div>\n","protected":false},"excerpt":{"rendered":"<p>ENTREGA GARANTIDA Temos prioridade na presta\u00e7\u00e3o de servi\u00e7os, portanto aqui voc\u00ea encontra \u00f3timos prazos e entrega garantida. CONDI\u00c7\u00d5ES DE PAGAMENTO Condi\u00e7\u00f5es de pagamentos flex\u00edveis para voc\u00ea alcan\u00e7ar o sonho da sua casa planejada, consulte-nos. MATERIAIS DE QUALIDADE Trabalhamos com m\u00f3veis 100% em MDF, e componentes das melhores marcas do mercado. Qualidade \u00e9 nossa prioridade. SUA&hellip; <br \/> <a class=\"read-more\" href=\"https:\/\/www.zapelinimoveis.com.br\/\">Leia mais<\/a><\/p>\n","protected":false},"author":2,"featured_media":0,"parent":0,"menu_order":0,"comment_status":"closed","ping_status":"closed","template":"page-templates\/homepage.php","meta":{"footnotes":""},"class_list":["post-1658","page","type-page","status-publish","hentry"],"_links":{"self":[{"href":"https:\/\/www.zapelinimoveis.com.br\/index.php\/wp-json\/wp\/v2\/pages\/1658","targetHints":{"allow":["GET"]}}],"collection":[{"href":"https:\/\/www.zapelinimoveis.com.br\/index.php\/wp-json\/wp\/v2\/pages"}],"about":[{"href":"https:\/\/www.zapelinimoveis.com.br\/index.php\/wp-json\/wp\/v2\/types\/page"}],"author":[{"embeddable":true,"href":"https:\/\/www.zapelinimoveis.com.br\/index.php\/wp-json\/wp\/v2\/users\/2"}],"replies":[{"embeddable":true,"href":"https:\/\/www.zapelinimoveis.com.br\/index.php\/wp-json\/wp\/v2\/comments?post=1658"}],"version-history":[{"count":8,"href":"https:\/\/www.zapelinimoveis.com.br\/index.php\/wp-json\/wp\/v2\/pages\/1658\/revisions"}],"predecessor-version":[{"id":1714,"href":"https:\/\/www.zapelinimoveis.com.br\/index.php\/wp-json\/wp\/v2\/pages\/1658\/revisions\/1714"}],"wp:attachment":[{"href":"https:\/\/www.zapelinimoveis.com.br\/index.php\/wp-json\/wp\/v2\/media?parent=1658"}],"curies":[{"name":"wp","href":"https:\/\/api.w.org\/{rel}","templated":true}]}}